 - 1 - (-5 + 2 + -2)?
6
What is the value of 25 - (-4 + 24) - (1 - 2)?
6
0 - (-1 + 5) - (0 - 2)
-2
Evaluate 3 - (4 + 0) - -4.
3
What is -1 + -2 + (0 - -5)?
2
Calculate (-9 - -14) + -9 + 4.
0
(-12 + 1 - -4) + 2
-5
(-5 - -3 - 4) + -5
-11
Evaluate (5 - (2 - 1)) + 29 + -27.
6
What is the value of (-2 - -2) + (-9 - -4)?
-5
What is -4 - -1 - (17 - (3 + 12))?
-5
3 - (4 - 1) - (0 + 5)
-5
What is -1 - -11 - (68 + -66)?
8
Evaluate -1 + 1 + (11 - 13).
-2
Evaluate 1 - 1 - (-3 - -5).
-2
Calculate 35 + -19 + -1 + -10.
5
Calculate -6 - (8 + (7 - 20)).
-1
What is (-2 - -1) + (12 - 4) + -5?
2
What is the value of (1 - 7) + 0 - (-4 + 1)?
-3
Calculate 1 - (5 + -1 - 5).
2
What is the value of (-12 - -1) + (184 - 163)?
10
Calculate -6 + (6 - (-9 - -4)).
5
Evaluate -1 + 5 + -2 + 1 + 0.
3
Evaluate (1 - -2) + 1 + -4.
0
Evaluate -3 + -2 + 6 - (5 + -1).
-3
What is the value of -5 + -3 + (-3 - (-2 - 2))?
-7
What is (-5 - 2) + 6 + -1?
-2
Calculate -10 - ((-3 - 5) + 3).
-5
Evaluate (-1 - -5) + -11 + -3 + 8.
-2
1 + -8 - (-27 - -26) - -9
3
What is the value of (-4 - 0) + (4 - 0) + 1?
1
Evaluate (-3 - -2) + -3 - -7 - 7.
-4
Evaluate 3 + 1 + -4 + (-2 - -2).
0
Calculate (12 - 6) + (1 - 1).
6
Evaluate 2 + (-5 - -4) + -4.
-3
Evaluate (-7 - -1) + (-5 - -10).
-1
What is -4 - (12 - (-3 + 10))?
-9
Evaluate -1 - (0 - 3 - 1 - 1).
4
Evaluate 0 - 5 - (-218 + 214).
-1
Evaluate 4 + 0 - (13 - 2).
-7
What is -8 - -2 - (0 - 11)?
5
(-2 + 0 - -2) + (5 - 0)
5
What is 0 + 7 + 6 - 8?
5
Evaluate -6 - ((-7 - 4) + 13).
-8
Calculate (5 - 1) + -8 + 1 + 3.
0
Evaluate -11 + (-3 + (4 - -1) - -2).
-7
What is the value of -6 - (3 - 0 - (2 - -5))?
-2
What is -1 - 4 - (3 + -8)?
0
What is the value of -3 + (1 - (0 - 1))?
-1
What is the value of -1 + -9 + 8 + 6?
4
6 + 7 + -5 + -1 + -2
5
0 + 7 + (-3 - -4 - 8)
0
-7 + (4 - 15) + 10
-8
0 + 3 - (3 - 2)
2
Calculate 2 - (1 + (-7 - -5)).
3
Calculate 1 + -1 - (-4 + -1 + 3).
2
What is -9 + (11 - (12 - 9))?
-1
Evaluate -41 + 42 + (-1 - (8 - 2)).
-6
What is -8 - (-10 - (5 + -13))?
-6
Calculate (6 - 14) + 3 + 8 - -1.
4
Evaluate -7 - (-3 - (6 + -7)).
-5
(0 + 3 + -2 - 0) + -4
-3
What is 0 - (-11 - (-18 + 5))?
-2
What is the value of -1 + -4 - (-8 + 7 - 3)?
-1
Evaluate 0 + 0 + (-15 - -12) + 4.
1
-5 + 1 + (7 - (4 - 2))
1
What is the value of 0 - (0 - -3) - (-2 - 2)?
1
What is the value of 5 - 1 - (6 - -1)?
-3
What is 2 + -3 + -3 - (2 + -4)?
-2
What is 5 + -1 - (38 - 36) - 2?
0
Evaluate 2 + (1 - 1) + 3.
5
What is the value of 8 + (-11 - (2 - -2))?
-7
-6 + 6 - -6 - 3
3
Evaluate 4 + (-3 - 1) + 5 - 2.
3
Calculate (-4 - 0) + 3 + -1 + 0.
-2
Evaluate (0 + 1 - -2) + 0 + 1.
4
-3 - (-1 + (4 - 4))
-2
What is the value of 1 + 4 + -4 + (-3 - -6)?
4
Calculate 4 + -3 - 2 - 1.
-2
5 + -5 + -1 - -1
0
Evaluate -1 + (0 + -1 - (-17 + 13)).
2
Calculate 4 + (-1 - ((3 - 1) + 0)).
1
What is the value of (-1 - -4 - (2 + -2)) + -1?
2
What is -7 + 0 + 30 + -24?
-1
What is 10 + (-9 + 4 - -3)?
8
What is the value of -2 + 8 + -3 - 8?
-5
-152 + 143 + (1 - 2)
-10
What is the value of 6 + -10 - (13 + -18)?
1
Calculate (-2 - 2) + 7 - (-1 + 7).
-3
What is 3 + (2 - -1) + -5 + -2?
-1
What is the value of -6 + (-6 + 1 - 2) + 7?
-6
What is -4 - (-14 - -11) - -7?
6
What is -8 - (-8 + -1 + -2)?
3
What is (0 - 1 - 7) + 2?
-6
What is 12 + -14 + (8 + -2 - 0)?
4
-7 - 14 - -27 - (-1 + 1)
6
What is -2 + (-4 - ((-3 - -3) + -1))?
-5
Calculate 5 + -10 + (8 - 5).
-2
What is -4 - (13 + -7 - 11)?
1
What is the value of (17 - 5) + -6 + (0 - 3)?
3
What is -1 - (0 - (7 - 3) - -3)?
0
Evaluate (1 + -5 - -1) + 1.
-2
-3 + 3 + 0 - 3 - -5
2
Evaluate (7 - -3) + -12 + -3 + 0.
-5
11 + -7 + 9 - 12
1
Evaluate (1 - (8 - (4 - 3))) + 9.
3
-2 + -5 - -13 - (13 - -2)
-9
5 + (-5 - (-6 - (-8 + 4)))
2
Calculate -2 - (18 - 14 - (2 + 1)).
-3
Calculate (-1 - -4) + -2 + 0 + 4.
5
-4 - (2 + 2) - -3
-5
Evaluate -2 + 1 + 0 + 3.
2
Evaluate 0 - (7 - 9) - (-3 + 2).
3
What is 9 - ((2 - 3) + 2)?
8
What is the value of 4 - -3 - 4 - 0?
3
Calculate (6 - 5) + 6 + -6.
1
What is the value of -8 + 1 + 3 - 1?
-5
Evaluate -6 + (8 - (3 + (-14 - -6))).
7
What is -6 + 2 - (-1 - 3)?
0
What is the value of 6 - (-1 + (6 - 3))?
4
Calculate 9 + -5 + -10 + 8.
2
Calculate -6 + -4 + -1 + 9.
-2
Evaluate (-6 - 7 - -13) + (1 - 0).
1
3 + -4 + 2 + (2 - 5)
-2
What is -3 + 6 + 2 + -12?
-7
-4 + -4 + 3 + 3
-2
Calculate 3 + 0 - (3 - 0).
0
What is (7 - -3 - 5) + -6?
-1
Evaluate -7 + -12 + (8 - -1).
-10
What is 4 - 2 - 0 - -3?
5
What is -1 + -3 - (-2 - (-5 + 3))?
-4
Evaluate 4 + -5 + -4 - (-1 - -2).
-6
What is 0 - (-3 - -2) - (4 + -4)?
1
What is -1 - -12 - (46 - 45) - 7?
3
What is the value of 8 + -4 + 3 + -13?
-6
What is the value of (0 - -1) + 1 - 6?
-4
0 - 2 - 2 - 0
-4
-10 + -9 + (10 - -7)
-2
What is the value of -4 + 1 + (-5 - (-16 + 3))?
5
Evaluate (-9 - -20) + 1 + -3.
9
Calculate 5 - 3 - (2 - 2) - -3.
5
Calculate 10 + 1 - (-39 + 46).
4
-6 - (5 + (-9 - -4) - 4)
-2
Evaluate 5 + 1 + 8 + -17.
-3
What is -5 - ((-4 - -1) + 3) - -4?
-1
Calculate 10 + (-12 - -9) - (2 + 10).
-5
Evaluate -15 - -23 - (-3 - -10).
1
What is 3 - -1 - (-14 + 13 + -1)?
6
-2 + (13 - 7 - 2)
2
What is -4 - -6 - (2 - -4)?
-4
Calculate (-4 - -10) + 0 + -11.
-5
Calculate 6 - (-2 - -9) - -2.
1
0 - (-1 + (4 - 2)) - 2
-3
What is the value of (9 - (6 - 3)) + -1 + 1?
6
-1 - 1 - (-5 - -1)
2
What is the value of -38 - -39 - (-1 - -5)?
-3
Evaluate (-3 - 1) + 6 - (-7 - -2).
7
Calculate 3 + -6 + 0 + 7.
4
What is the value of -6 + -5 + 7 + -2?
-6
What is 3 + -3 + 9 - 0?
9
What is 3 + (-1 - (2 - 5))?
5
Evaluate 1 + -12 + 5 + -1 + 4.
-3
What is -1 + -10 + 7 - -7?
3
Calculate 78 + -81 - (-6 - -1).
2
What is 1 - (15 - 20 - (-3 - 0))?
3
-11 - -5 - -6 - (-1 + 5)
-4
What is 6 + -2 + 2 + -4?
2
Evaluate (-22 - -37) + -16 + (0 - 6).
-7
What is the value of 2 + 1 - 5 - -3?
1
What is the value of 0 - (-6 - (-10 - 3))?
-7
What is the value of 12 + -2 + -39 + 29?
0
Evaluate 3 - (5 + -4 - 1).
3
What is (-9 - (-2 - (4 - 2))) + 1?
-4
What is the value of -1 - -1 - (5 + -4 + -1)?
0
Calculate 7 - ((-9 - -7) + 5).
4
-9 - ((-4 - 9) + -2)
6
Evaluate -2 - (6 + -8 + 1 + 1).
-2
Calculate 40 + -31 - (1 + 5) - 1.
2
-4 + 0 - (-1 + 3 - 5)
-1
What is 0 + 6 + -34 + 23 - 4?
-9
Evaluate 7 - 1 - (-50 + 65).
-9
What is (4 - (3 - 4)) + -4?
1
Calculate (4 - ((-1 - -3) + 1)) + -6.
-5
What is (-5 - -3) + -2 + 4 + -3?
-3
Calculate -10 - (1 + 1 - (2 - -5)).
-5
(-6 - (2 - 6)) + 2
0
Calculate 5 - (0 + -2 + 0 + -1).
8
0 + -4 - -5 - 7
-6
What is 5 + 4 + -4 + -2 + -1?
2
(2 - 0 - (-7 - -11)) + 1
-1
What is 4 + 3 + (-2 - 3) + 2?
4
-4 + -3 + (8 - (-2 + 4))
-1
What is (-1 - -8) + -7 + 7 - 3?
4
-1 + 1 - (-5 + 2 + 2)
1
Evaluate -4 + 3 + 9 + -15 + 15.
8
6 - (-5 + 3) - (6 - 2)
4
Evaluate 0 + 0 + -1 - (-55 - -53).
1
What is the value of 10 - 24 - (-10 + (-6 - -10))?
-8
-1 + 1 - -3 - (7 - 3)
-1
What is the value of 6 + -7 + 4 + -3?
0
10 - ((13 - 8) + -3)
8
What is 3 - (1 + 5) - (11 + -14)?
0
What is the value of (-3 - (4 + -3)) + 2?
-2
Calculate 3 - (3 + 3 + -8) - 2.
3
Calculate (13 - 19) + -5 - -12.
1
7 - 0 - 3 - 0
4
-2 + 6 - (-13 + 7 + 6)
4
What is 5 + (-1 - 3) + -2?
-1
Calculate (3 + -5 - (0 + 0)) + -3.
-5
Evaluate 2 - 3 - (-3 + (1 - -8)).
-7
What is the value of 5 - 2 - 9 - 0?
-6
Evaluate 0 + -1 - (-10 - -8 - 0).
1
What is (1 - 0) + 2 + -2 + 0?
1
What is 9 - 0 - 6 - 8?
-5
Calculate 1 + 3 + 7 - 11.
0
What is (1 - (-1 + 0)) + -4 + -1?
-3
What is 0 + (-2 - -5 - 7)?
-4
What is -44 + 55 + (-1 - 7)?
3
2 + (-10 - -6) + -5
-7
What is -8 + 4 + (-2 - -7)?
1
-8 + 2 - (-15 - -18)
-9
What is the value of -7 - -7 - (-2 - 3)?
5
2 - -2 - 6 - (29 + -23)
-8
What is -2 + 2 + 1 + 3 - 9?
-5
Calculate 2 - 1 - -1 - (0 - -3).
-1
What is the value of -56 - -56 - (1 - -3)?
-4
(0 - 1) + 1 + 1
1
What is the value of 4 + (8 - 7) - 0?
5
Evaluate (1 - -3 - 3) + 3.
4
What is the value of (0 - -3 - 2) + 4 + -11?
-6
Calculate -2 - (-1 - (-1 - -3) - -5).
-4
What is the value of 1 - 0 - (10 + -3 + -7)?
1
What is -2 + 2 + (-9 + 9 - 3)?
-3
Calculate 1 - 2 - 1 - (1 + 0).
-3
Evaluate 4 + 2 - (-8 - -14).
0
What is -4 + (-1 - (-8 - -3))?
0
Calculate 34 + -42 + 7 + 0.
-1
What is the value of 4 - (8 + (-1 - 5))?
2
(-24 - -32) + (-14 - 2)
-8
-2 - (-6 + 7 + -9)
6
Evaluate -124 - -121 - (-7 - 1).
5
Evaluate -2 - (5 - 1 - (2 - -1)).
-3
What is 8 - 2 - (17 + -13)?
2
What is the value of 3 - (2 - -1 - (-1 - 1))?
-2
What is the value of